 z(37).
70
Suppose 7 = -4*f - 2*i + 271, 4*i - 8 = 0. Let n = -32087 + 32342. Calculate the remainder when n is divided by f.
60
Let k = -127 - -157. What is the remainder when 418 is divided by k?
28
Suppose -42*r + 1014 = -414. What is the remainder when 675 is divided by r?
29
Suppose 0 = 3*s + o - 400, -3*s + 4*s = -o + 132. Let j = -80 + s. What is the remainder when j is divided by (-2 + 6)*(-38)/(-8)?
16
Suppose 4*p = 3*x + 37, -2 = 8*x - 10*x. What is the remainder when 39 is divided by p?
9
Let c = 8 - 3. Let w(n) = 3*n - 5. What is the remainder when (-1240)/(-32) + -2 - 1/(-4) is divided by w(c)?
7
Suppose 4*d = -d + 95. Suppose -8*n + 2*n = -5*n - 8. What is the remainder when d is divided by n?
3
Suppose 3*r = o + 3*o + 104, -2*r + 123 = -5*o. Let v = o + 63. Suppose 0 = -5*h + 55 + v. Calculate the remainder when 54 is divided by h.
16
Let s(o) = o**3 + o**2 - 1. Suppose 47*f - 97 = 749. What is the remainder when f is divided by s(2)?
7
Suppose 2*s + 139 = -5*m + 876, 2*s + 8 = 0. What is the remainder when m is divided by 10?
9
Let r = -33 - -43. Suppose -9*j - 10 = -r*j. What is the remainder when 13 is divided by j?
3
Let y = 2 + -3. Suppose 5*h - 73 = -3*t, 4*h + t - 9 = 55. What is the remainder when h is divided by y/(0 - 3/27)?
8
Suppose 3*t + 6 = c, 2*t - 4 = 2*c - 4*c. Suppose -h - 43 = -4*i, 4*h = i - c*i + 8. Calculate the remainder when 26 is divided by i.
6
Suppose 5*h + 5*r = 75, h = 6*h - 4*r - 84. Calculate the remainder when (4 - -3 - 5)*31 is divided by h.
14
Let d(r) = -r**3 - 9*r**2 - 2*r - 15. Let l be d(-5). What is the remainder when 11 is divided by 7*-3*10/l?
1
Let q = -56 + 60. Calculate the remainder when -7*((-8)/6 + q/12) is divided by (-3)/(-2)*2/1.
1
Let t(l) = 3*l**2. Let j be t(1). Suppose 11 = y + 4*c - 5*c, y - 9 = 3*c. Calculate the remainder when 9 is divided by 2/j + 28/y.
0
Let b = 323 - 182. Suppose -k - k = 3*h - b, 95 = 2*h + k. Calculate the remainder when h is divided by 13.
10
Let y(p) = p**3 - 2*p**2 + p - 4. What is the remainder when y(4) is divided by 3 + 0 + 5 - 1?
4
Let v = 143 + -41. Calculate the remainder when v is divided by 10.
2
Let i(h) = -h**3 - 5*h**2 - 4*h - 6. Suppose 2*z + 4*c = -2*z - 40, 0 = -4*z - c - 25. What is the remainder when 52 is divided by i(z)?
10
Suppose 0 = 5*r - 10, 4*a - 4*r - 300 = -2*r. What is the remainder when a is divided by 16?
12
Suppose 0 = -6*t + 53 + 97. Calculate the remainder when t is divided by 24/42*(-49)/(-2).
11
Suppose 0 = -w - 4*o + 22, 3*w - 36 = 11*o - 8*o. Calculate the remainder when 109 is divided by w.
11
Let b(r) = -r - 56. Let g be b(0). Calculate the remainder when (g/35)/(1/(-65)) is divided by 35.
34
Let y = -59 - -59. What is the remainder when -2 + (11 - (0 + 4)) + y is divided by 2/4 - (-6)/4?
1
Let m(p) = -15*p**3 - 2*p**2 - 8*p - 15. What is the remainder when m(-3) is divided by 129?
9
Let u = -154 - -234. Suppose -11*d = -7*d - u. Suppose -4*r + 28 = 4*z, -5*r = z - 7 - 0. What is the remainder when d is divided by z?
6
Calculate the remainder when 40/(-5)*((-4312)/32)/7 is divided by 80.
74
Suppose 5*p = 4 + 46. Let d(l) be the first derivative of l**2/2 + 35*l - 13. What is the remainder when d(-18) is divided by p?
7
Let k(y) = y + 8. Let x be (-2)/6 + (-2 - 3/(-9)). What is the remainder when 26 is divided by k(x)?
2
Let w(z) = 3*z + 12. Let s be w(10). Suppose 5*r = -s + 117. Calculate the remainder when (2 - (-16)/(-5))*-35 is divided by r.
12
Let h(y) = 28*y + 1. Calculate the remainder when h(1) is divided by (2/(-7))/1 - 10488/(-644).
13
Let l(d) = 2*d**2 - 8*d - 32. Calculate the remainder when 37 is divided by l(7).
7
Suppose -3*h + l = -857, -7*h - 2*l - 859 = -10*h. What is the remainder when h is divided by 4?
1
Suppose 224 + 106 = 11*s. Calculate the remainder when 89 is divided by s.
29
Suppose n - 34 = -n. Calculate the remainder when (6 + 1 - -83) + -6 is divided by n.
16
Suppose 0 = -3*t + 61 + 62. Let j = 53 - 28. Let f = j + -11. Calculate the remainder when t is divided by f.
13
Let m be (-30)/(-8) + (-1)/(-4). Suppose 0*x = -5*x - 5*i + 145, 5*x - 172 = m*i. Suppose -r + 19 = -42. Calculate the remainder when r is divided by x.
29
Suppose 145*c = 137*c + 232. Calculate the remainder when 40 is divided by c.
11
Let p(o) = -o**3 + 2*o**2 + 18*o - 3. Suppose 0 = -2*q - 3*z + 75, -2*z = -2 - 0. Calculate the remainder when p(-6) is divided by q.
33
Suppose 34*r - 49*r = -1320. What is the remainder when r is divided by 3?
1
Let c(a) be the second derivative of 5*a**4/12 + a**3/6 - a**2 + 6*a. What is the remainder when 14 is divided by c(1)?
2
Let j(z) = z**3 - 5*z**2 + 2*z + 2. Let p be j(4). Let h(r) = -42*r - 1. Calculate the remainder when h(-1) is divided by (704/p)/(-8) - 4/6.
13
Suppose 0 = 41*g - 32*g - 225. Let x = -76 + 198. What is the remainder when x is divided by g?
22
What is the remainder when 270 is divided by (-43 + 1)*(-12 - 92/(-8))?
18
Let q(b) = -b**3 + b + 6. Let h be q(0). Suppose -h*d + 3*d + 36 = 0. Calculate the remainder when d is divided by 3.
0
Let t = -27 - -29. Let z(j) = -j**3 - 5*j**2 + j + 7. Let v be z(-5). Suppose -3*s + v = -1. Calculate the remainder when t is divided by s.
0
Let m = 5 + 31. What is the remainder when m is divided by 8?
4
Suppose t = -0*t - 5, 0 = 2*b - 4*t - 50. Suppose -4*z = 3*u - 34, 0 = -0*z + 3*z + b. What is the remainder when 35 is divided by u?
17
What is the remainder when ((-201)/(-6))/((28/(-40))/(-7)) is divided by 87?
74
Let b = 370 + -316. Calculate the remainder when b is divided by 24.
6
Let q = 48 - -26. Calculate the remainder when q is divided by 19.
17
Suppose -i + 37 - 5 = 0. Let m = 899 - 881. Calculate the remainder when i is divided by m.
14
Suppose 455 = 5*m - 5*q, -8*m + 2*q + 271 = -5*m. Calculate the remainder when m is divided by 35.
19
Suppose 4*n - 9*n = -25. Suppose -8*s + 15 = -n*s. Calculate the remainder when s is divided by 4.
1
Let k(w) = 2*w**3 - 87*w**2 - 43*w + 27. Let r = 41 + -22. Calculate the remainder when k(44) is divided by r.
14
Suppose 17*y - 15*y = 0. Suppose 0 = -3*g + g - 4*l + 126, y = -2*g + l + 116. Let p(b) = -9*b + 1. What is the remainder when g is divided by p(-1)?
9
Let l(r) = 6*r**3 + r + 4. Let a be 45/12 + -1 + 7/28. Calculate the remainder when l(a) is divided by 17.
16
Suppose -984 = -21*b + 192. Calculate the remainder when 59 is divided by b.
3
Let x be 3/2*2/1. Suppose 0 = 5*y + x*j - 10, -2*j = y - 7*j - 30. Calculate the remainder when (-1 + -1)*(-273)/42 is divided by y.
3
Let h = 221 + 2. Calculate the remainder when h is divided by 56.
55
Let u(i) = -i**3 - 4*i**2 - i + 4. Suppose 2*a = -15*a + 731. What is the remainder when a is divided by u(-4)?
3
Let a(j) = 6*j - 4. Let n be a(1). Suppose 245 = b + n*b + 5*r, 5*b + 4*r - 404 = 0. Calculate the remainder when b is divided by 42.
38
Calculate the remainder when 43 + (0 - 2) + 6 is divided by 24.
23
Suppose 5*h - r - 4*r = 10, -2*r = -6. Suppose 0 = 3*n - h*a + 236, 0 = -2*n - 2*a - 0*a - 184. What is the remainder when 33 is divided by (n/12 - -3)*-4?
16
Suppose 3*a - 9233 = 4*j, 2*a = 3*j - 0*a + 6926. What is the remainder when j/(-7) - (24/(-21))/(-4) is divided by 37?
34
Let f(i) = -19*i**3 + 2*i**2 - 2*i - 3. What is the remainder when f(-1) is divided by 11?
9
Let s = 53 - 123. Let d = 12 - s. Calculate the remainder when d is divided by 29.
24
Calculate the remainder when ((-80)/100)/((-2)/115) is divided by 62/6 - 2/6.
6
Suppose 20*j + 120 = 26*j. Let n be 16/(-10)*(-60)/(-8). Let k = n + j. What is the remainder when 14 is divided by k?
6
Let g = 23 - 47. Let a = g + 42. Calculate the remainder when 53 is divided by a.
17
Suppose -15*j + 10*j = 10. Let n(k) = k**2 + k + 74. What is the remainder when n(0) is divided by 2/4*j - (-80)/4?
17
Let t be 12/21*28/8. Suppose 45 = 3*x + t*x. What is the remainder when x is divided by 6/(2/(-2)*-1)?
3
Suppose 3*f + 99 = 180. Calculate the remainder when 536 is divided by f.
23
Let w(t) = -3*t + 29. Calculate the remainder when 107 is divided by w(6).
8
Suppose -2*k + 399 - 349 = 0. What is the remainder when 242 is divided by k?
17
Let y = -11 + 11. Suppose -5*i + 2*s = -0*s - 25, i + 4*s - 5 = y. Calculate the remainder when 41 is divided by 15 + (-4)/(i - 1).